. Let d = u + 31. Suppose -10*y + 2*y = d. What is r(y)?
11
Let r(m) = m**3 - 5*m**2 - 6*m + 8. Let l = -703 + 403. Let c = 306 + l. Calculate r(c).
8
Let s(k) = -k**3 - 14*k**2 + 17*k - 11. Let d(c) = c**3 + 14*c**2 - 17*c + 12. Let f(x) = -3*d(x) - 4*s(x). Give f(-15).
38
Suppose -22*d - 77 - 33 = 0. Let o(r) = -2*r + 6. Calculate o(d).
16
Suppose -3*k = z + 2*k + 15, z = 5*k + 35. Let x(t) = 1378*t**2 + t - 12*t - 1377*t**2 + 0*t + 5 + 4. Calculate x(z).
-1
Let g(t) = -2*t + 10. Let n(h) = h**3 + 28*h**2 + 54*h + 55. Let f be n(-26). Suppose j + 5*q - q = -3, -3*q = f*j - 9. Give g(j).
0
Suppose -4*s + 5*d = -65, -5*s + 0*d + 75 = -5*d. Suppose -18 + s = -q. Suppose -16 = q*p - 10*p. Let r(l) = -l**3 + 7*l**2 + 10*l - 10. Calculate r(p).
6
Let v(a) = 2*a + 10*a - 18 - 81*a**2 + 79*a**2 - 5. Let d be v(3). Let x(l) = 3 + 2*l + 3 - 3. Calculate x(d).
-7
Let k(n) = -n**3 + 6*n**2 - 8*n - 1. Suppose 0 = -2*m + 8, 4*a - 12 = -57*m + 60*m. Calculate k(a).
-49
Let d(x) = x - 26. Suppose 0 = -117*h + 617 - 2138. What is d(h)?
-39
Suppose 3*q - 77 = -3*y + q, 0 = -3*y + 3*q + 72. Let k = y - 23. Let c(u) = -3*u - 1. Let h(n) = 13*n + 5. Let x(l) = k*h(l) + 9*c(l). Determine x(0).
1
Let l(y) = -1291 + 461 + 448 + 8*y + 436. Give l(-6).
6
Let a = -2182 + 2187. Let b(u) = -u**3 + 4*u**2 - u + 2. What is b(a)?
-28
Let q be ((-1)/2)/((-5)/30). Let k(g) = 8*g - 3. Let p(b) = -2*b + 0*b - b + 2*b. Let j(s) = k(s) + 4*p(s). Give j(q).
9
Let p(l) be the first derivative of -l**6/120 + 2*l**5/15 + 7*l**4/24 + 11*l**3/3 - 37*l**2 - 1. Let c(g) be the second derivative of p(g). Give c(9).
4
Let f be -27*1/((-42)/(-18)) + 12/21. Let c(v) = 3*v - 2. Determine c(f).
-35
Suppose 0 = 7*j - 3*j + 3*v + 7, -2*j + 4*v + 24 = 0. Let w(c) = -c**3 + 25*c - 5*c**j + 26*c + 11*c - 57*c. Calculate w(-6).
6
Suppose 10 + 6 = 8*j. Suppose j = g - 2, 5*x - 2*g = 12. Let w(c) = -c**3 + 5*c**2 - 6*c. Give w(x).
-8
Suppose 3175 = -90*j + 745. Let h(v) = 2*v**2 + 54*v + 4. Determine h(j).
4
Suppose t - 3 = -11. Let a(g) = -g**2 + 17*g - 71. Let s be a(10). Let c be (3/s)/(2/(t/(-6))). Let n(z) = -4*z**2 + 3*z + 2. What is n(c)?
-20
Suppose 0 = -3*y + n - 0 + 7, 4*y = -4*n + 20. Let g(d) = -5 + 17*d - y*d**2 + 4*d**2 - 14*d + 4. Give g(2).
9
Let f(g) = g**3 - 3*g**2 - 5*g + 1. Let t be f(4). Let z(w) = 2*w**2 + 3*w**2 + 4*w - 1 - 2693145*w**3 + 2693146*w**3. Give z(t).
5
Suppose 56 = 33*b - 25*b. Let s(f) be the third derivative of f**6/120 - f**5/10 - f**4/3 + 2*f**3/3 - 9*f**2 - 5*f. Determine s(b).
-3
Let u(i) be the second derivative of i**3/6 - 5*i**2/2 + 2*i + 44. Let l be 0*(0/(-4) + 1). Suppose 3*k + d + 13 = l, d = -4*k - 8 - 9. Determine u(k).
-9
Suppose -b = -3*z - 74 + 18, -3*z = 4*b + 31. Let p = 25 + z. Suppose p = 11*u - 25. Let c(w) = w**2 - w - 1. Determine c(u).
5
Let c(s) = -9*s - 35. Let q(f) = -3*f**3 - 41*f**2 - 29*f - 55. Let i be q(-13). Determine c(i).
109
Let s(k) = -k + 6. Let u(g) = -11*g + 67. Let l(y) = 6*s(y) - u(y). What is l(4)?
-11
Let q(d) = -5*d**3 - 46*d**2 + 5*d + 9. Let x(b) = 2*b**3 + 16*b**2 - 2*b - 5. Let f(g) = 2*q(g) + 7*x(g). Give f(-5).
3
Let y(w) be the second derivative of w**4/4 + 5*w**3/6 + w**2 - w - 422. Determine y(2).
24
Let n(m) = -m + 16*m + 2*m**2 + 2861 - 2847. Calculate n(-7).
7
Let l(i) = 2*i**3 - 10*i**2 - 11*i + 8. Let m be l(6). Let f = m - 23. Let k(t) = 5*t - 1. Let z(a) = 21*a - 4. Let r(v) = f*k(v) + 2*z(v). Give r(-6).
19
Suppose 7*h - 3*h = 5*h + 6. Let u(m) = m**2 + 11*m + 9. What is u(h)?
-21
Let z(h) be the second derivative of h**5/20 - 5*h**4/12 + 9*h**2/2 + 106*h + 1. Calculate z(5).
9
Let c(o) = -5*o - 76. Let u(v) = 3*v**2 + 155*v + 1135. Let s be u(-9). Determine c(s).
9
Let s(t) be the third derivative of t**6/120 - 7*t**5/60 - t**4/24 - t**3/6 + 928*t**2. Calculate s(7).
-8
Let l(k) = k**3 + 8*k**2 + 4*k - 61. Let m be l(-8). Let n = m + 87. Let j(o) = -o**3 - 7*o**2 - 3*o + 5. What is j(n)?
-13
Let w(i) = i - 10. Let v(c) = c**2 + 88*c + 262. Let d be v(-85). What is w(d)?
-3
Let u(o) = -4*o**2 - 30*o + 11. Let y be u(-8). Let i(c) = 1319 - c**2 - 5*c - 4*c - 1322. What is i(y)?
17
Suppose -2*p - 3*i + 15 = -4*p, 5*i = 2*p + 21. Let j be (28/(-42))/(2/p). Let m(w) = -2*w**2 + 0*w**2 + j - 6 + w**3 + 4 - 2*w. Determine m(-1).
-2
Let q = -7641 + 7645. Let z(l) = 4*l - 3. Give z(q).
13
Let p(d) = -19*d**2 - 19*d - 5. Let n(m) = -16*m**2 - 18*m - 5. Let j(r) = -6*n(r) + 5*p(r). Let i(q) = q**3 - q**2 - 3*q - 3. Let t be i(2). Give j(t).
-35
Let f = -297 + 315. Let x(m) = f + 15*m - 20*m - 16. Determine x(-4).
22
Let z be 10/(-35) + (-4)/(-14). Suppose 164 = 2*r + 2*r. Suppose z = 2*u + r - 45. Let f(p) = -5*p**2 + 3*p - 2. What is f(u)?
-16
Let t(i) = 34*i + 198. Let c(x) = 33*x + 159. Let f(y) = -5*c(y) + 4*t(y). What is f(-1)?
26
Let y(g) = 0*g + 7 - 8 + g. Let o(w) = -w**2 - 11*w - 19. Let u(c) = 4*c + 40. Let k be u(-12). Let h be o(k). What is y(h)?
4
Let c(h) = 61*h + 4. Let l(g) = -12*g - 2. Let x(i) = -c(i) - 5*l(i). Give x(4).
2
Let y(v) = -v**2 + 4*v + 4. Suppose 0 = -2*n + n + 3*c + 19, 3*n - 25 = c. Suppose -n*t + 84 = -3*t. Suppose -24 = -9*a + t. What is y(a)?
-1
Let d(b) = -2*b - 2. Let m = 10121 - 10109. Calculate d(m).
-26
Suppose 16*q + 15 = 21*q. Let f(h) = -2*h**2 + h**2 + 2*h - 9 - q*h - 8*h. What is f(-8)?
-1
Let i(w) = -2*w - 11*w**3 + 2*w**2 - w - 29 + 19 + 8*w**3 + 12. Let f(m) = -m**3 + 11*m**2 + 11*m + 13. Let z be f(12). Determine i(z).
-2
Let s(n) = -4870 + 13*n**2 + 4849 - n - 16*n**2. Calculate s(-4).
-65
Let o = 3862 + -3864. Let g(k) = -2*k**2 - 8*k - 5. Calculate g(o).
3
Let n(s) = -s**2 - 2*s**2 + 0*s - 2 - 3*s. Let y be 3 + -1 + 15/(60/232). Let w be ((-124)/30 - (-8)/y) + 2. What is n(w)?
-8
Let d = -1 + 4. Suppose 88*l - 8 = 92*l. Let q(t) = 19*t + 4. Let o(i) = 6*i + 1. Let v(p) = l*q(p) + 7*o(p). Determine v(d).
11
Suppose 0 = -28*b + 30*b + 704. Let c = b - -354. Let u(m) = -4*m**2 - m - 2. What is u(c)?
-20
Let i(s) = 1. Let l(f) = 11*f + 6. Let o be (-7)/(-1) + (5 - 8). Suppose 6 = 2*z + o*z. Let u(x) = z*l(x) - 5*i(x). Give u(-1).
-10
Let t(y) = -3*y**3 + y**2 + 3*y + 3. Let k(j) be the first derivative of j**4/4 - j**2/2 - j + 24. Let b(a) = 2*k(a) + t(a). Suppose g = -2*g - 3. Give b(g).
2
Let p(i) = 122 - i**3 + 29*i - 112 + 20 - 5*i + 24*i**2. Determine p(25).
5
Let t(m) = -2 + 2 - 4*m - m + 2. Suppose 2*n = -5*f + 68 - 69, 2*n + 4*f = 0. What is t(n)?
-8
Suppose -4*q + m + 3 = 0, m = 3*m + 6. Let n be q/((-88)/56 - (-3)/(-7)). Let f(o) = -o. Let w(y) = -y - 1. Let r(a) = 5*f(a) - 6*w(a). What is r(n)?
6
Let z(b) = -813*b - 11414. Let f be z(-14). Let h(a) = -2*a - 56. Give h(f).
8
Let u(w) = -8*w**3 + 1 + 22*w**3 - 2*w**2 + w - 15*w**3. Let d be u(-2). Let b(h) be the second derivative of h**3/6 + h**2/2 + 39*h - 2. Determine b(d).
0
Let x(r) be the second derivative of r**5/20 - r**4/2 - r**3/2 - 4*r**2 - r. Let m = 412126 + -412119. What is x(m)?
20
Let m = -31 + 21. Let d = 14 + m. Let w(r) be the second derivative of r**3/2 - r**2/2 + 6*r - 11. Determine w(d).
11
Let m(g) = -120361*g**2 + 4 - g + 60172*g**2 + 60190*g**2 + 2*g. Let a = 2 - -3. Calculate m(a).
34
Let p = 249 - 245. Suppose 0*c + p*c - 4*y = 0, 0 = -5*c - 3*y. Let z(g) = g**3 + g + 8. Determine z(c).
8
Let m be -532 + ((-3)/5 - (-88)/(-20)). Let t = 543 + m. Let v(c) = -3*c - 7 + 3 + 4*c. Determine v(t).
2
Let t = -55 - -19. Let b = t + 45. Let z(g) = g**2 + 3*g**2 - 1 + 5 - b*g**2 + 6*g - g**3. Give z(-6).
4
Let y(m) = 46*m - 202. Let o(n) = n + 6. Let d be o(-2). Let b be y(d). Let f(u) = -u - 13. Determine f(b).
5
Let f(i) be the third derivative of 5/24*i**4 + 9*i**2 + 1/3*i**3 + 0 + 0*i - 1/15*i**5 - 1/120*i**6. Suppose -d - 11 - 14 = 4*g, 5 = 2*g - 3*d. Determine f(g).
2
Let f(t) = -t**3 - 21*t**2 + 45*t - 15. Let l be f(-23). Suppose 5*q - l + 23 = 0. Let g(z) = z**3 + 2*z**2 + 4*z + 3. Calculate g(q).
-18
Let s(n) = n**3 - 7*n**2 + 8*n + 5. Let h = 73 + -69. Suppose r = -3*l + 22, -3*l - 2*r = -h*r - 10. Calculate s(l).
17
Let m(j) = 5*j + 5. Let y be m(2). Let p = 9 - y. Let t(x) = -3*x**2 - 10*x - 2. Let s(c) = -2*c**2 - 7*c - 1. Let n(i) = -8*s(i) + 5*t(i). What is n(p)?
-2
Let f(q) = -q**2. Let t(d) = 9*d**2 - 1. Let j(v) = -2*f(v) + t(v). Let o = 17 + -383. Let z = o + 365. 